{"id":103,"date":"2023-11-25T03:34:45","date_gmt":"2023-11-25T02:34:45","guid":{"rendered":"https:\/\/colegiosiralexanderfleming.edu.pe\/?page_id=103"},"modified":"2023-11-25T03:45:13","modified_gmt":"2023-11-25T02:45:13","slug":"plan-de-estudios-secundaria","status":"publish","type":"page","link":"https:\/\/colegiosiralexanderfleming.edu.pe\/index.php\/plan-de-estudios-secundaria\/","title":{"rendered":"Plan de estudios secundaria"},"content":{"rendered":"\t\t<div data-elementor-type=\"wp-page\" data-elementor-id=\"103\" class=\"elementor elementor-103\" data-elementor-post-type=\"page\">\n\t\t\t\t<div class=\"elementor-element elementor-element-14afdb5 e-flex e-con-boxed e-con e-parent\" data-id=\"14afdb5\" data-element_type=\"container\">\n\t\t\t\t\t<div class=\"e-con-inner\">\n\t\t\t\t<div class=\"elementor-element elementor-element-3277856 elementor-widget elementor-widget-heading\" data-id=\"3277856\" data-element_type=\"widget\" data-widget_type=\"heading.default\">\n\t\t\t\t<div class=\"elementor-widget-container\">\n\t\t\t\t\t<h2 class=\"elementor-heading-title elementor-size-default\">PLAN DE ESTUDIOS<\/h2>\t\t\t\t<\/div>\n\t\t\t\t<\/div>\n\t\t\t\t<div class=\"elementor-element elementor-element-63feb28 elementor-widget elementor-widget-text-editor\" data-id=\"63feb28\" data-element_type=\"widget\" data-widget_type=\"text-editor.default\">\n\t\t\t\t<div class=\"elementor-widget-container\">\n\t\t\t\t\t\t\t\t\t<p>Al entrar en secundaria los j\u00f3venes se enfrentan a una serie de nuevos retos y exigencias con las que van a aprender a lidiar. En esta etapa, al ser m\u00e1s las \u00e1reas que se trabajan de manera independiente, los alumnos tienen mayor carga acad\u00e9mica y frecuentes trabajos o tareas que van a tener que resolver<\/p><p>A trav\u00e9s de los conocimientos que impartimos, las habilidades, la exigencia y el acompa\u00f1amiento personal que damos a los alumnos, buscamos desarrollar en los j\u00f3venes competencias afectivas, cognitivas y de organizaci\u00f3n que les servir\u00e1n a futuro en su desenvolvimiento profesional. Para ello, ponemos el acento en una formaci\u00f3n integral que abarque contenidos del campo cultural, tecnol\u00f3gico, cient\u00edfico, deportivo y art\u00edstico.<\/p><p>Asimismo, a esta edad, buscamos que los v\u00ednculos al interior del grupo de pares se fortalezcan para que se consoliden como personas y adquieran una formaci\u00f3n s\u00f3lida en valores y principios. Como instituci\u00f3n queremos formar chicos solidarios, informados y \u00e1vidos de conocimiento, capaces de contribuir a crear un mundo mejor, en el marco del entendimiento y el respeto. De esta forma, a trav\u00e9s de las diversas actividades que se organizan en el colegio, promovemos el compromiso con nuestra comunidad y con la realidad del pa\u00eds. Sin embargo, en este periodo de cambios y desaf\u00edos, consideramos que tanto padres como profesores tenemos la responsabilidad de brindar a los alumnos un espacio para su crecimiento, manteni\u00e9ndonos cerca y dispuestos a apoyarlos y escucharlos cuando lo requieran. Para ello, debemos trabajar de manera conjunta, colegio y familia, buscando canales de comunicaci\u00f3n y acuerdos que nos faciliten este trayecto.<\/p><p>En Secundaria, es la etapa que se suma la preocupaci\u00f3n por el futuro, por lo que cada alumno deber\u00e1 comprender que, en sus estudios posteriores, ser\u00e1 \u00e9l quien asuma la responsabilidad de aprovechar los conocimientos que se le impartan para insertarse en el mundo universitario y laboral.<\/p>\t\t\t\t\t\t\t\t<\/div>\n\t\t\t\t<\/div>\n\t\t\t\t<div class=\"elementor-element elementor-element-86ebd4d elementor-widget elementor-widget-heading\" data-id=\"86ebd4d\" data-element_type=\"widget\" data-widget_type=\"heading.default\">\n\t\t\t\t<div class=\"elementor-widget-container\">\n\t\t\t\t\t<h2 class=\"elementor-heading-title elementor-size-default\">HORARIO DE CLASES NIVEL SECUNDARIA<\/h2>\t\t\t\t<\/div>\n\t\t\t\t<\/div>\n\t\t\t\t<div class=\"elementor-element elementor-element-d7daee3 elementor-widget elementor-widget-heading\" data-id=\"d7daee3\" data-element_type=\"widget\" data-widget_type=\"heading.default\">\n\t\t\t\t<div class=\"elementor-widget-container\">\n\t\t\t\t\t<h2 class=\"elementor-heading-title elementor-size-default\">HORARIO DE LUNES A VIERNES<\/h2>\t\t\t\t<\/div>\n\t\t\t\t<\/div>\n\t\t\t\t<div class=\"elementor-element elementor-element-7a36d3f elementor-widget elementor-widget-image\" data-id=\"7a36d3f\" data-element_type=\"widget\" data-widget_type=\"image.default\">\n\t\t\t\t<div class=\"elementor-widget-container\">\n\t\t\t\t\t\t\t\t\t\t\t\t\t\t\t<img fetchpriority=\"high\" decoding=\"async\" width=\"689\" height=\"472\" src=\"https:\/\/colegiosiralexanderfleming.edu.pe\/wp-content\/uploads\/2023\/11\/HORARIO.jpg\" class=\"attachment-large size-large wp-image-117\" alt=\"\" srcset=\"https:\/\/colegiosiralexanderfleming.edu.pe\/wp-content\/uploads\/2023\/11\/HORARIO.jpg 689w, https:\/\/colegiosiralexanderfleming.edu.pe\/wp-content\/uploads\/2023\/11\/HORARIO-300x206.jpg 300w\" sizes=\"(max-width: 689px) 100vw, 689px\" \/>\t\t\t\t\t\t\t\t\t\t\t\t\t\t\t<\/div>\n\t\t\t\t<\/div>\n\t\t\t\t<div class=\"elementor-element elementor-element-80d43bc elementor-widget elementor-widget-heading\" data-id=\"80d43bc\" data-element_type=\"widget\" data-widget_type=\"heading.default\">\n\t\t\t\t<div class=\"elementor-widget-container\">\n\t\t\t\t\t<h2 class=\"elementor-heading-title elementor-size-default\">HORARIO S\u00c1BADO 4TO Y 5TO<\/h2>\t\t\t\t<\/div>\n\t\t\t\t<\/div>\n\t\t\t\t<div class=\"elementor-element elementor-element-4016819 elementor-widget elementor-widget-image\" data-id=\"4016819\" data-element_type=\"widget\" data-widget_type=\"image.default\">\n\t\t\t\t<div class=\"elementor-widget-container\">\n\t\t\t\t\t\t\t\t\t\t\t\t\t\t\t<img fetchpriority=\"high\" decoding=\"async\" width=\"689\" height=\"472\" src=\"https:\/\/colegiosiralexanderfleming.edu.pe\/wp-content\/uploads\/2023\/11\/HORARIO.jpg\" class=\"attachment-large size-large wp-image-117\" alt=\"\" srcset=\"https:\/\/colegiosiralexanderfleming.edu.pe\/wp-content\/uploads\/2023\/11\/HORARIO.jpg 689w, https:\/\/colegiosiralexanderfleming.edu.pe\/wp-content\/uploads\/2023\/11\/HORARIO-300x206.jpg 300w\" sizes=\"(max-width: 689px) 100vw, 689px\" \/>\t\t\t\t\t\t\t\t\t\t\t\t\t\t\t<\/div>\n\t\t\t\t<\/div>\n\t\t\t\t\t<\/div>\n\t\t\t\t<\/div>\n\t\t\t\t<\/div>\n\t\t","protected":false},"excerpt":{"rendered":"<p>PLAN DE ESTUDIOS Al entrar en secundaria los j\u00f3venes se enfrentan a una serie de nuevos retos y exigencias con las que van a aprender a lidiar. En esta etapa, al ser m\u00e1s las \u00e1reas que se trabajan de manera independiente, los alumnos tienen mayor carga acad\u00e9mica y frecuentes trabajos o tareas que van a [&hellip;]<\/p>\n","protected":false},"author":1,"featured_media":0,"parent":0,"menu_order":0,"comment_status":"closed","ping_status":"closed","template":"elementor_header_footer","meta":{"footnotes":""},"class_list":["post-103","page","type-page","status-publish","hentry"],"_links":{"self":[{"href":"https:\/\/colegiosiralexanderfleming.edu.pe\/index.php\/wp-json\/wp\/v2\/pages\/103","targetHints":{"allow":["GET"]}}],"collection":[{"href":"https:\/\/colegiosiralexanderfleming.edu.pe\/index.php\/wp-json\/wp\/v2\/pages"}],"about":[{"href":"https:\/\/colegiosiralexanderfleming.edu.pe\/index.php\/wp-json\/wp\/v2\/types\/page"}],"author":[{"embeddable":true,"href":"https:\/\/colegiosiralexanderfleming.edu.pe\/index.php\/wp-json\/wp\/v2\/users\/1"}],"replies":[{"embeddable":true,"href":"https:\/\/colegiosiralexanderfleming.edu.pe\/index.php\/wp-json\/wp\/v2\/comments?post=103"}],"version-history":[{"count":4,"href":"https:\/\/colegiosiralexanderfleming.edu.pe\/index.php\/wp-json\/wp\/v2\/pages\/103\/revisions"}],"predecessor-version":[{"id":120,"href":"https:\/\/colegiosiralexanderfleming.edu.pe\/index.php\/wp-json\/wp\/v2\/pages\/103\/revisions\/120"}],"wp:attachment":[{"href":"https:\/\/colegiosiralexanderfleming.edu.pe\/index.php\/wp-json\/wp\/v2\/media?parent=103"}],"curies":[{"name":"wp","href":"https:\/\/api.w.org\/{rel}","templated":true}]}}

<div data-elementor-type="wp-page" data-elementor-id="103" class="elementor elementor-103" data-elementor-post-type="page">
				<div class="elementor-element elementor-element-14afdb5 e-flex e-con-boxed e-con e-parent" data-id="14afdb5" data-element_type="container">
					<div class="e-con-inner">
				<div class="elementor-element elementor-element-3277856 elementor-widget elementor-widget-heading" data-id="3277856" data-element_type="widget" data-widget_type="heading.default">
				<div class="elementor-widget-container">
					<h2 class="elementor-heading-title elementor-size-default">PLAN DE ESTUDIOS</h2>				</div>
				</div>
				<div class="elementor-element elementor-element-63feb28 elementor-widget elementor-widget-text-editor" data-id="63feb28" data-element_type="widget" data-widget_type="text-editor.default">
				<div class="elementor-widget-container">
									<p>Al entrar en secundaria los jóvenes se enfrentan a una serie de nuevos retos y exigencias con las que van a aprender a lidiar. En esta etapa, al ser más las áreas que se trabajan de manera independiente, los alumnos tienen mayor carga académica y frecuentes trabajos o tareas que van a tener que resolver</p><p>A través de los conocimientos que impartimos, las habilidades, la exigencia y el acompañamiento personal que damos a los alumnos, buscamos desarrollar en los jóvenes competencias afectivas, cognitivas y de organización que les servirán a futuro en su desenvolvimiento profesional. Para ello, ponemos el acento en una formación integral que abarque contenidos del campo cultural, tecnológico, científico, deportivo y artístico.</p><p>Asimismo, a esta edad, buscamos que los vínculos al interior del grupo de pares se fortalezcan para que se consoliden como personas y adquieran una formación sólida en valores y principios. Como institución queremos formar chicos solidarios, informados y ávidos de conocimiento, capaces de contribuir a crear un mundo mejor, en el marco del entendimiento y el respeto. De esta forma, a través de las diversas actividades que se organizan en el colegio, promovemos el compromiso con nuestra comunidad y con la realidad del país. Sin embargo, en este periodo de cambios y desafíos, consideramos que tanto padres como profesores tenemos la responsabilidad de brindar a los alumnos un espacio para su crecimiento, manteniéndonos cerca y dispuestos a apoyarlos y escucharlos cuando lo requieran. Para ello, debemos trabajar de manera conjunta, colegio y familia, buscando canales de comunicación y acuerdos que nos faciliten este trayecto.</p><p>En Secundaria, es la etapa que se suma la preocupación por el futuro, por lo que cada alumno deberá comprender que, en sus estudios posteriores, será él quien asuma la responsabilidad de aprovechar los conocimientos que se le impartan para insertarse en el mundo universitario y laboral.</p>								</div>
				</div>
				<div class="elementor-element elementor-element-86ebd4d elementor-widget elementor-widget-heading" data-id="86ebd4d" data-element_type="widget" data-widget_type="heading.default">
				<div class="elementor-widget-container">
					<h2 class="elementor-heading-title elementor-size-default">HORARIO DE CLASES NIVEL SECUNDARIA</h2>				</div>
				</div>
				<div class="elementor-element elementor-element-d7daee3 elementor-widget elementor-widget-heading" data-id="d7daee3" data-element_type="widget" data-widget_type="heading.default">
				<div class="elementor-widget-container">
					<h2 class="elementor-heading-title elementor-size-default">HORARIO DE LUNES A VIERNES</h2>				</div>
				</div>
				<div class="elementor-element elementor-element-7a36d3f elementor-widget elementor-widget-image" data-id="7a36d3f" data-element_type="widget" data-widget_type="image.default">
				<div class="elementor-widget-container">
															<img fetchpriority="high" decoding="async" width="689" height="472" src="https://colegiosiralexanderfleming.edu.pe/wp-content/uploads/2023/11/HORARIO.jpg" class="attachment-large size-large wp-image-117" alt="" srcset="https://colegiosiralexanderfleming.edu.pe/wp-content/uploads/2023/11/HORARIO.jpg 689w, https://colegiosiralexanderfleming.edu.pe/wp-content/uploads/2023/11/HORARIO-300x206.jpg 300w" sizes="(max-width: 689px) 100vw, 689px" />															</div>
				</div>
				<div class="elementor-element elementor-element-80d43bc elementor-widget elementor-widget-heading" data-id="80d43bc" data-element_type="widget" data-widget_type="heading.default">
				<div class="elementor-widget-container">
					<h2 class="elementor-heading-title elementor-size-default">HORARIO SÁBADO 4TO Y 5TO</h2>				</div>
				</div>
				<div class="elementor-element elementor-element-4016819 elementor-widget elementor-widget-image" data-id="4016819" data-element_type="widget" data-widget_type="image.default">
				<div class="elementor-widget-container">
															<img fetchpriority="high" decoding="async" width="689" height="472" src="https://colegiosiralexanderfleming.edu.pe/wp-content/uploads/2023/11/HORARIO.jpg" class="attachment-large size-large wp-image-117" alt="" srcset="https://colegiosiralexanderfleming.edu.pe/wp-content/uploads/2023/11/HORARIO.jpg 689w, https://colegiosiralexanderfleming.edu.pe/wp-content/uploads/2023/11/HORARIO-300x206.jpg 300w" sizes="(max-width: 689px) 100vw, 689px" />															</div>
				</div>
					</div>
				</div>
				</div>

<p>PLAN DE ESTUDIOS Al entrar en secundaria los jóvenes se enfrentan a una serie de nuevos retos y exigencias con las que van a aprender a lidiar. En esta etapa, al ser más las áreas que se trabajan de manera independiente, los alumnos tienen mayor carga académica y frecuentes trabajos o tareas que van a [&hellip;]</p>
