{"id":165,"date":"2023-11-25T05:18:04","date_gmt":"2023-11-25T04:18:04","guid":{"rendered":"https:\/\/colegiosiralexanderfleming.edu.pe\/?page_id=165"},"modified":"2025-03-29T17:20:01","modified_gmt":"2025-03-29T16:20:01","slug":"aula-virtual","status":"publish","type":"page","link":"https:\/\/colegiosiralexanderfleming.edu.pe\/index.php\/aula-virtual\/","title":{"rendered":"AULA VIRTUAL"},"content":{"rendered":"\t\t<div data-elementor-type=\"wp-page\" data-elementor-id=\"165\" class=\"elementor elementor-165\" data-elementor-post-type=\"page\">\n\t\t\t\t<div class=\"elementor-element elementor-element-3330a7f e-flex e-con-boxed e-con e-parent\" data-id=\"3330a7f\" data-element_type=\"container\">\n\t\t\t\t\t<div class=\"e-con-inner\">\n\t\t\t\t<div class=\"elementor-element elementor-element-3155aee elementor-widget elementor-widget-heading\" data-id=\"3155aee\" data-element_type=\"widget\" data-widget_type=\"heading.default\">\n\t\t\t\t<div class=\"elementor-widget-container\">\n\t\t\t\t\t<h2 class=\"elementor-heading-title elementor-size-default\">AULA VIRTUAL<\/h2>\t\t\t\t<\/div>\n\t\t\t\t<\/div>\n\t\t\t\t<div class=\"elementor-element elementor-element-51d370a elementor-widget-divider--view-line elementor-widget elementor-widget-divider\" data-id=\"51d370a\" data-element_type=\"widget\" data-widget_type=\"divider.default\">\n\t\t\t\t<div class=\"elementor-widget-container\">\n\t\t\t\t\t\t\t<div class=\"elementor-divider\">\n\t\t\t<span class=\"elementor-divider-separator\">\n\t\t\t\t\t\t<\/span>\n\t\t<\/div>\n\t\t\t\t\t\t<\/div>\n\t\t\t\t<\/div>\n\t\t\t\t<div class=\"elementor-element elementor-element-245cfb7 elementor-widget elementor-widget-heading\" data-id=\"245cfb7\" data-element_type=\"widget\" data-widget_type=\"heading.default\">\n\t\t\t\t<div class=\"elementor-widget-container\">\n\t\t\t\t\t<h2 class=\"elementor-heading-title elementor-size-default\">SIR FLEMING VIRTUAL<\/h2>\t\t\t\t<\/div>\n\t\t\t\t<\/div>\n\t\t\t\t<div class=\"elementor-element elementor-element-52f24e6 elementor-widget elementor-widget-text-editor\" data-id=\"52f24e6\" data-element_type=\"widget\" data-widget_type=\"text-editor.default\">\n\t\t\t\t<div class=\"elementor-widget-container\">\n\t\t\t\t\t\t\t\t\t<h3 class=\"\" data-start=\"0\" data-end=\"61\"><strong data-start=\"4\" data-end=\"59\">SIANET: Plataforma Virtual de Sir Alexander Fleming<\/strong><\/h3><p class=\"\" data-start=\"63\" data-end=\"393\">Bienvenidos a <strong data-start=\"77\" data-end=\"87\">SIANET<\/strong>, el entorno virtual del <strong data-start=\"112\" data-end=\"145\">Colegio Sir Alexander Fleming<\/strong>, dise\u00f1ado para optimizar el aprendizaje mediante herramientas digitales innovadoras. Nuestra plataforma de <strong data-start=\"253\" data-end=\"267\">E-learning<\/strong> permite a docentes y estudiantes acceder a recursos educativos, facilitando un proceso de ense\u00f1anza flexible e interactivo.<\/p><p class=\"\" data-start=\"395\" data-end=\"623\">A trav\u00e9s de <strong data-start=\"407\" data-end=\"417\">SIANET<\/strong>, promovemos una educaci\u00f3n basada en las <strong data-start=\"458\" data-end=\"512\">Tecnolog\u00edas de la Informaci\u00f3n y Comunicaci\u00f3n (TIC)<\/strong>, favoreciendo el acceso a materiales de estudio, la comunicaci\u00f3n efectiva y el intercambio de conocimientos.<\/p><h3 class=\"\" data-start=\"625\" data-end=\"665\"><strong data-start=\"629\" data-end=\"663\">Acceso a Informaci\u00f3n Acad\u00e9mica<\/strong><\/h3><p class=\"\" data-start=\"667\" data-end=\"952\">Para un seguimiento detallado del rendimiento estudiantil, contamos con <strong data-start=\"739\" data-end=\"755\">SISTACONLINE<\/strong>, un sistema que proporciona informaci\u00f3n acad\u00e9mica actualizada en tiempo real. Mediante esta herramienta, los padres de familia pueden monitorear el desempe\u00f1o acad\u00e9mico y conductual de sus hijos.<\/p><p class=\"\" data-start=\"954\" data-end=\"1024\">Los estudiantes tambi\u00e9n disponen de acceso exclusivo para consultar:<\/p><ul data-start=\"1025\" data-end=\"1201\"><li class=\"\" data-start=\"1025\" data-end=\"1044\"><p class=\"\" data-start=\"1027\" data-end=\"1044\">Notas parciales<\/p><\/li><li class=\"\" data-start=\"1045\" data-end=\"1065\"><p class=\"\" data-start=\"1047\" data-end=\"1065\">Tareas asignadas<\/p><\/li><li class=\"\" data-start=\"1066\" data-end=\"1097\"><p class=\"\" data-start=\"1068\" data-end=\"1097\">Comunicados institucionales<\/p><\/li><li class=\"\" data-start=\"1098\" data-end=\"1120\"><p class=\"\" data-start=\"1100\" data-end=\"1120\">Horarios de clases<\/p><\/li><li class=\"\" data-start=\"1121\" data-end=\"1156\"><p class=\"\" data-start=\"1123\" data-end=\"1156\">Solicitud de citas con docentes<\/p><\/li><li class=\"\" data-start=\"1157\" data-end=\"1201\"><p class=\"\" data-start=\"1159\" data-end=\"1201\">Consulta de pensiones y cuenta corriente<\/p><\/li><\/ul><p class=\"\" data-start=\"1203\" data-end=\"1417\">En <strong data-start=\"1206\" data-end=\"1231\">Sir Alexander Fleming<\/strong>, reafirmamos nuestro compromiso con la educaci\u00f3n de calidad, brindando soluciones tecnol\u00f3gicas que optimizan el aprendizaje y fortalecen la relaci\u00f3n entre la instituci\u00f3n y las familias.<\/p>\t\t\t\t\t\t\t\t<\/div>\n\t\t\t\t<\/div>\n\t\t\t\t\t<\/div>\n\t\t\t\t<\/div>\n\t\t<div class=\"elementor-element elementor-element-427d2ec e-flex e-con-boxed e-con e-parent\" data-id=\"427d2ec\" data-element_type=\"container\">\n\t\t\t\t\t<div class=\"e-con-inner\">\n\t\t\t\t<div class=\"elementor-element elementor-element-400c0fb elementor-widget elementor-widget-text-editor\" data-id=\"400c0fb\" data-element_type=\"widget\" data-widget_type=\"text-editor.default\">\n\t\t\t\t<div class=\"elementor-widget-container\">\n\t\t\t\t\t\t\t\t\t<p>\u00a1Bienvenido a Distance Learning!<\/p>\t\t\t\t\t\t\t\t<\/div>\n\t\t\t\t<\/div>\n\t\t\t\t\t<\/div>\n\t\t\t\t<\/div>\n\t\t<div class=\"elementor-element elementor-element-e2c872d e-flex e-con-boxed e-con e-parent\" data-id=\"e2c872d\" data-element_type=\"container\">\n\t\t\t\t\t<div class=\"e-con-inner\">\n\t\t\t\t<div class=\"elementor-element elementor-element-b24757f elementor-widget elementor-widget-image\" data-id=\"b24757f\" data-element_type=\"widget\" data-widget_type=\"image.default\">\n\t\t\t\t<div class=\"elementor-widget-container\">\n\t\t\t\t\t\t\t\t\t\t\t\t\t\t\t<img fetchpriority=\"high\" decoding=\"async\" width=\"512\" height=\"250\" src=\"https:\/\/colegiosiralexanderfleming.edu.pe\/wp-content\/uploads\/2025\/03\/unnamed.png\" class=\"attachment-large size-large wp-image-1905\" alt=\"\" srcset=\"https:\/\/colegiosiralexanderfleming.edu.pe\/wp-content\/uploads\/2025\/03\/unnamed.png 512w, https:\/\/colegiosiralexanderfleming.edu.pe\/wp-content\/uploads\/2025\/03\/unnamed-300x146.png 300w\" sizes=\"(max-width: 512px) 100vw, 512px\" \/>\t\t\t\t\t\t\t\t\t\t\t\t\t\t\t<\/div>\n\t\t\t\t<\/div>\n\t\t\t\t\t<\/div>\n\t\t\t\t<\/div>\n\t\t\t\t<\/div>\n\t\t","protected":false},"excerpt":{"rendered":"<p>AULA VIRTUAL SIR FLEMING VIRTUAL SIANET: Plataforma Virtual de Sir Alexander Fleming Bienvenidos a SIANET, el entorno virtual del Colegio Sir Alexander Fleming, dise\u00f1ado para optimizar el aprendizaje mediante herramientas digitales innovadoras. Nuestra plataforma de E-learning permite a docentes y estudiantes acceder a recursos educativos, facilitando un proceso de ense\u00f1anza flexible e interactivo. A trav\u00e9s [&hellip;]<\/p>\n","protected":false},"author":1,"featured_media":0,"parent":0,"menu_order":0,"comment_status":"closed","ping_status":"closed","template":"elementor_header_footer","meta":{"footnotes":""},"class_list":["post-165","page","type-page","status-publish","hentry"],"_links":{"self":[{"href":"https:\/\/colegiosiralexanderfleming.edu.pe\/index.php\/wp-json\/wp\/v2\/pages\/165","targetHints":{"allow":["GET"]}}],"collection":[{"href":"https:\/\/colegiosiralexanderfleming.edu.pe\/index.php\/wp-json\/wp\/v2\/pages"}],"about":[{"href":"https:\/\/colegiosiralexanderfleming.edu.pe\/index.php\/wp-json\/wp\/v2\/types\/page"}],"author":[{"embeddable":true,"href":"https:\/\/colegiosiralexanderfleming.edu.pe\/index.php\/wp-json\/wp\/v2\/users\/1"}],"replies":[{"embeddable":true,"href":"https:\/\/colegiosiralexanderfleming.edu.pe\/index.php\/wp-json\/wp\/v2\/comments?post=165"}],"version-history":[{"count":7,"href":"https:\/\/colegiosiralexanderfleming.edu.pe\/index.php\/wp-json\/wp\/v2\/pages\/165\/revisions"}],"predecessor-version":[{"id":1908,"href":"https:\/\/colegiosiralexanderfleming.edu.pe\/index.php\/wp-json\/wp\/v2\/pages\/165\/revisions\/1908"}],"wp:attachment":[{"href":"https:\/\/colegiosiralexanderfleming.edu.pe\/index.php\/wp-json\/wp\/v2\/media?parent=165"}],"curies":[{"name":"wp","href":"https:\/\/api.w.org\/{rel}","templated":true}]}}