{"id":220,"date":"2023-11-25T05:39:47","date_gmt":"2023-11-25T04:39:47","guid":{"rendered":"https:\/\/colegiosiralexanderfleming.edu.pe\/?page_id=220"},"modified":"2025-03-29T18:17:15","modified_gmt":"2025-03-29T17:17:15","slug":"nuestros-logros","status":"publish","type":"page","link":"https:\/\/colegiosiralexanderfleming.edu.pe\/index.php\/nuestros-logros\/","title":{"rendered":"Nuestros logros"},"content":{"rendered":"\t\t<div data-elementor-type=\"wp-page\" data-elementor-id=\"220\" class=\"elementor elementor-220\" data-elementor-post-type=\"page\">\n\t\t\t\t<div class=\"elementor-element elementor-element-05ceebf e-flex e-con-boxed e-con e-parent\" data-id=\"05ceebf\" data-element_type=\"container\">\n\t\t\t\t\t<div class=\"e-con-inner\">\n\t\t\t\t<div class=\"elementor-element elementor-element-c7be641 elementor-widget elementor-widget-heading\" data-id=\"c7be641\" data-element_type=\"widget\" data-widget_type=\"heading.default\">\n\t\t\t\t<div class=\"elementor-widget-container\">\n\t\t\t\t\t<h2 class=\"elementor-heading-title elementor-size-default\">NUESTROS LOGROS<\/h2>\t\t\t\t<\/div>\n\t\t\t\t<\/div>\n\t\t\t\t<div class=\"elementor-element elementor-element-fa496a7 elementor-widget-divider--view-line elementor-widget elementor-widget-divider\" data-id=\"fa496a7\" data-element_type=\"widget\" data-widget_type=\"divider.default\">\n\t\t\t\t<div class=\"elementor-widget-container\">\n\t\t\t\t\t\t\t<div class=\"elementor-divider\">\n\t\t\t<span class=\"elementor-divider-separator\">\n\t\t\t\t\t\t<\/span>\n\t\t<\/div>\n\t\t\t\t\t\t<\/div>\n\t\t\t\t<\/div>\n\t\t\t\t<div class=\"elementor-element elementor-element-5475dad elementor-widget elementor-widget-text-editor\" data-id=\"5475dad\" data-element_type=\"widget\" data-widget_type=\"text-editor.default\">\n\t\t\t\t<div class=\"elementor-widget-container\">\n\t\t\t\t\t\t\t\t\t<h3 class=\"\" data-start=\"0\" data-end=\"55\"><strong data-start=\"4\" data-end=\"53\"><span style=\"vertical-align: inherit;\"><span style=\"vertical-align: inherit;\">Excelencia Acad\u00e9mica en Sir Alexander Fleming<\/span><\/span><\/strong><\/h3><p class=\"\" data-start=\"57\" data-end=\"309\"><span style=\"vertical-align: inherit;\"><span style=\"vertical-align: inherit;\">Desde sus primeros a\u00f1os, <\/span><\/span><strong data-start=\"82\" data-end=\"107\"><span style=\"vertical-align: inherit;\"><span style=\"vertical-align: inherit;\">Sir Alexander Fleming<\/span><\/span><\/strong><span style=\"vertical-align: inherit;\"><span style=\"vertical-align: inherit;\"> ha demostrado un firme compromiso con la educaci\u00f3n de calidad, logrando que un n\u00famero significativo de sus estudiantes acceda a las principales universidades de la regi\u00f3n, como <\/span><\/span><strong data-start=\"285\" data-end=\"306\"><span style=\"vertical-align: inherit;\"><span style=\"vertical-align: inherit;\">UNSA, UCSM y UCSP<\/span><\/span><\/strong><span style=\"vertical-align: inherit;\"><span style=\"vertical-align: inherit;\"> .<\/span><\/span><\/p><p class=\"\" data-start=\"311\" data-end=\"649\"><span style=\"vertical-align: inherit;\"><span style=\"vertical-align: inherit;\">A lo largo de nuestra trayectoria, hemos consolidado un modelo educativo que prepara a nuestros alumnos para afrontar con \u00e9xito los desaf\u00edos del ingreso universitario. Hoy, con <\/span><\/span><strong data-start=\"488\" data-end=\"522\"><span style=\"vertical-align: inherit;\"><span style=\"vertical-align: inherit;\">10 a\u00f1os de formaci\u00f3n acad\u00e9mica<\/span><\/span><\/strong><span style=\"vertical-align: inherit;\"><span style=\"vertical-align: inherit;\"> , seguimos cumpliendo nuestro prop\u00f3sito: <\/span><\/span><strong data-start=\"563\" data-end=\"648\"><span style=\"vertical-align: inherit;\"><span style=\"vertical-align: inherit;\">hacer realidad el sue\u00f1o de nuestros estudiantes de alcanzar la educaci\u00f3n superior<\/span><\/span><\/strong><span style=\"vertical-align: inherit;\"><span style=\"vertical-align: inherit;\"> .<\/span><\/span><\/p>\t\t\t\t\t\t\t\t<\/div>\n\t\t\t\t<\/div>\n\t\t\t\t\t<\/div>\n\t\t\t\t<\/div>\n\t\t<div class=\"elementor-element elementor-element-a021b3e e-flex e-con-boxed e-con e-parent\" data-id=\"a021b3e\" data-element_type=\"container\">\n\t\t\t\t\t<div class=\"e-con-inner\">\n\t\t\t\t<div class=\"elementor-element elementor-element-0d55ee9 elementor-widget elementor-widget-image\" data-id=\"0d55ee9\" data-element_type=\"widget\" data-widget_type=\"image.default\">\n\t\t\t\t<div class=\"elementor-widget-container\">\n\t\t\t\t\t\t\t\t\t\t\t\t\t\t\t<img fetchpriority=\"high\" decoding=\"async\" width=\"800\" height=\"305\" src=\"https:\/\/colegiosiralexanderfleming.edu.pe\/wp-content\/uploads\/2023\/11\/ingresantes-2024-1024x390.jpg\" class=\"attachment-large size-large wp-image-233\" alt=\"\" srcset=\"https:\/\/colegiosiralexanderfleming.edu.pe\/wp-content\/uploads\/2023\/11\/ingresantes-2024-1024x390.jpg 1024w, https:\/\/colegiosiralexanderfleming.edu.pe\/wp-content\/uploads\/2023\/11\/ingresantes-2024-300x114.jpg 300w, https:\/\/colegiosiralexanderfleming.edu.pe\/wp-content\/uploads\/2023\/11\/ingresantes-2024-768x293.jpg 768w, https:\/\/colegiosiralexanderfleming.edu.pe\/wp-content\/uploads\/2023\/11\/ingresantes-2024-1536x586.jpg 1536w, https:\/\/colegiosiralexanderfleming.edu.pe\/wp-content\/uploads\/2023\/11\/ingresantes-2024-2048x781.jpg 2048w\" sizes=\"(max-width: 800px) 100vw, 800px\" \/>\t\t\t\t\t\t\t\t\t\t\t\t\t\t\t<\/div>\n\t\t\t\t<\/div>\n\t\t\t\t\t<\/div>\n\t\t\t\t<\/div>\n\t\t\t\t<\/div>\n\t\t","protected":false},"excerpt":{"rendered":"<p>NUESTROS LOGROS Excelencia Acad\u00e9mica en Sir Alexander Fleming Desde sus primeros a\u00f1os, Sir Alexander Fleming ha demostrado un firme compromiso con la educaci\u00f3n de calidad, logrando que un n\u00famero significativo de sus estudiantes acceda a las principales universidades de la regi\u00f3n, como UNSA, UCSM y UCSP . A lo largo de nuestra trayectoria, hemos consolidado [&hellip;]<\/p>\n","protected":false},"author":1,"featured_media":0,"parent":0,"menu_order":0,"comment_status":"closed","ping_status":"closed","template":"elementor_header_footer","meta":{"footnotes":""},"class_list":["post-220","page","type-page","status-publish","hentry"],"_links":{"self":[{"href":"https:\/\/colegiosiralexanderfleming.edu.pe\/index.php\/wp-json\/wp\/v2\/pages\/220","targetHints":{"allow":["GET"]}}],"collection":[{"href":"https:\/\/colegiosiralexanderfleming.edu.pe\/index.php\/wp-json\/wp\/v2\/pages"}],"about":[{"href":"https:\/\/colegiosiralexanderfleming.edu.pe\/index.php\/wp-json\/wp\/v2\/types\/page"}],"author":[{"embeddable":true,"href":"https:\/\/colegiosiralexanderfleming.edu.pe\/index.php\/wp-json\/wp\/v2\/users\/1"}],"replies":[{"embeddable":true,"href":"https:\/\/colegiosiralexanderfleming.edu.pe\/index.php\/wp-json\/wp\/v2\/comments?post=220"}],"version-history":[{"count":10,"href":"https:\/\/colegiosiralexanderfleming.edu.pe\/index.php\/wp-json\/wp\/v2\/pages\/220\/revisions"}],"predecessor-version":[{"id":1927,"href":"https:\/\/colegiosiralexanderfleming.edu.pe\/index.php\/wp-json\/wp\/v2\/pages\/220\/revisions\/1927"}],"wp:attachment":[{"href":"https:\/\/colegiosiralexanderfleming.edu.pe\/index.php\/wp-json\/wp\/v2\/media?parent=220"}],"curies":[{"name":"wp","href":"https:\/\/api.w.org\/{rel}","templated":true}]}}