{"id":755,"date":"2024-03-07T14:54:47","date_gmt":"2024-03-07T13:54:47","guid":{"rendered":"https:\/\/colegiosiralexanderfleming.edu.pe\/?page_id=755"},"modified":"2025-08-02T19:53:39","modified_gmt":"2025-08-02T17:53:39","slug":"requisitos-de-postulacion","status":"publish","type":"page","link":"https:\/\/colegiosiralexanderfleming.edu.pe\/index.php\/requisitos-de-postulacion\/","title":{"rendered":"Requisitos de Postulaci\u00f3n"},"content":{"rendered":"\t\t<div data-elementor-type=\"wp-page\" data-elementor-id=\"755\" class=\"elementor elementor-755\" data-elementor-post-type=\"page\">\n\t\t\t\t<div class=\"elementor-element elementor-element-3800ddf e-flex e-con-boxed e-con e-parent\" data-id=\"3800ddf\" data-element_type=\"container\">\n\t\t\t\t\t<div class=\"e-con-inner\">\n\t\t\t\t<div class=\"elementor-element elementor-element-5173cf3 elementor-widget elementor-widget-text-editor\" data-id=\"5173cf3\" data-element_type=\"widget\" data-widget_type=\"text-editor.default\">\n\t\t\t\t<div class=\"elementor-widget-container\">\n\t\t\t\t\t\t\t\t\t<h4 data-start=\"178\" data-end=\"468\"><strong data-start=\"181\" data-end=\"222\">ADMISI\u00d3N 2026 \u2013 SIR ALEXANDER FLEMING<\/strong><\/h4><p data-start=\"178\" data-end=\"468\">Reciba un cordial saludo de parte de la I.E.P. <strong data-start=\"272\" data-end=\"297\">Sir Alexander Fleming<\/strong>, instituci\u00f3n educativa de alto nivel acad\u00e9mico, con una formaci\u00f3n exigente, integral y basada en valores. Somos parte de la <strong data-start=\"422\" data-end=\"467\">Corporaci\u00f3n Fleming \u2013 Academia y Colegios<\/strong>.<\/p><p><strong data-start=\"473\" data-end=\"520\">Documentos a presentar para la postulaci\u00f3n:<\/strong><\/p><ul><li>Copia del DNI del estudiante y de ambos padres.<\/li><li>Copia de la libreta de notas.<\/li><li>Constancia de no adeudo de la instituci\u00f3n de procedencia.<\/li><li>Recibo de pago por derecho de postulante: S\/ 100.00<\/li><li>Dep\u00f3sito en cuenta BCP: <strong data-start=\"754\" data-end=\"774\">215-1779484-0-01<\/strong><\/li><li>Presentar todos los documentos en <strong data-start=\"813\" data-end=\"833\">un sobre mica A4<\/strong>.<\/li><\/ul><p>\u00a0<\/p><p data-start=\"836\" data-end=\"925\">\u00a1Postula hoy a una instituci\u00f3n que forma l\u00edderes desde el colegio hasta la universidad!<\/p>\t\t\t\t\t\t\t\t<\/div>\n\t\t\t\t<\/div>\n\t\t\t\t\t<\/div>\n\t\t\t\t<\/div>\n\t\t<div class=\"elementor-element elementor-element-463dc76 e-flex e-con-boxed e-con e-parent\" data-id=\"463dc76\" data-element_type=\"container\">\n\t\t\t\t\t<div class=\"e-con-inner\">\n\t\t\t\t<div class=\"elementor-element elementor-element-f4bccf0 elementor-widget elementor-widget-spacer\" data-id=\"f4bccf0\" data-element_type=\"widget\" data-widget_type=\"spacer.default\">\n\t\t\t\t<div class=\"elementor-widget-container\">\n\t\t\t\t\t\t\t<div class=\"elementor-spacer\">\n\t\t\t<div class=\"elementor-spacer-inner\"><\/div>\n\t\t<\/div>\n\t\t\t\t\t\t<\/div>\n\t\t\t\t<\/div>\n\t\t\t\t\t<\/div>\n\t\t\t\t<\/div>\n\t\t\t\t<\/div>\n\t\t","protected":false},"excerpt":{"rendered":"<p>ADMISI\u00d3N 2026 \u2013 SIR ALEXANDER FLEMING Reciba un cordial saludo de parte de la I.E.P. Sir Alexander Fleming, instituci\u00f3n educativa de alto nivel acad\u00e9mico, con una formaci\u00f3n exigente, integral y basada en valores. Somos parte de la Corporaci\u00f3n Fleming \u2013 Academia y Colegios. Documentos a presentar para la postulaci\u00f3n: Copia del DNI del estudiante y [&hellip;]<\/p>\n","protected":false},"author":1,"featured_media":0,"parent":0,"menu_order":0,"comment_status":"closed","ping_status":"closed","template":"","meta":{"footnotes":""},"class_list":["post-755","page","type-page","status-publish","hentry"],"_links":{"self":[{"href":"https:\/\/colegiosiralexanderfleming.edu.pe\/index.php\/wp-json\/wp\/v2\/pages\/755","targetHints":{"allow":["GET"]}}],"collection":[{"href":"https:\/\/colegiosiralexanderfleming.edu.pe\/index.php\/wp-json\/wp\/v2\/pages"}],"about":[{"href":"https:\/\/colegiosiralexanderfleming.edu.pe\/index.php\/wp-json\/wp\/v2\/types\/page"}],"author":[{"embeddable":true,"href":"https:\/\/colegiosiralexanderfleming.edu.pe\/index.php\/wp-json\/wp\/v2\/users\/1"}],"replies":[{"embeddable":true,"href":"https:\/\/colegiosiralexanderfleming.edu.pe\/index.php\/wp-json\/wp\/v2\/comments?post=755"}],"version-history":[{"count":34,"href":"https:\/\/colegiosiralexanderfleming.edu.pe\/index.php\/wp-json\/wp\/v2\/pages\/755\/revisions"}],"predecessor-version":[{"id":1969,"href":"https:\/\/colegiosiralexanderfleming.edu.pe\/index.php\/wp-json\/wp\/v2\/pages\/755\/revisions\/1969"}],"wp:attachment":[{"href":"https:\/\/colegiosiralexanderfleming.edu.pe\/index.php\/wp-json\/wp\/v2\/media?parent=755"}],"curies":[{"name":"wp","href":"https:\/\/api.w.org\/{rel}","templated":true}]}}